{"id":1054,"date":"2024-04-16T11:29:14","date_gmt":"2024-04-16T09:29:14","guid":{"rendered":"http:\/\/wp.magnium-themes.com\/thebuilt\/thebuilt-2\/?page_id=1054"},"modified":"2025-03-16T13:36:39","modified_gmt":"2025-03-16T12:36:39","slug":"portfolio","status":"publish","type":"page","link":"https:\/\/romibat.com\/?page_id=1054","title":{"rendered":"Portfolio"},"content":{"rendered":"<section class=\"wpb-content-wrapper\"><p>[vc_row][vc_column]<div class=\"mgt-header-block clearfix text-left text-black wpb_content_element  mgt-header-block-style-1 mgt-header-texttransform-header \"><h2 class=\"mgt-header-block-title\">NOS R\u00c9ALISATIONS<\/h2><p class=\"mgt-header-block-subtitle\">ROMIBAT MAROC<\/p><div class=\"mgt-header-line\"><\/div><\/div>[vc_column_text]<\/p>\n<h4 style=\"text-align: left;\">Nous avons \u00e0 coeur de partager notre savoir-faire et celui de respectueux partenaires au service de vos projets. Nous vous proposons de d\u00e9couvrir une s\u00e9lection de projets <strong>Romibat<\/strong> r\u00e9alis\u00e9s: Commerciaux, Administratifs, R\u00e9sidentiels, Industriels\u2026<\/h4>\n<p>[\/vc_column_text][vc_separator][\/vc_column][\/vc_row][vc_row css=&#8221;.vc_custom_1438341755684{margin-bottom: 80px !important;}&#8221;][vc_column]\r\n\t\r\n\t<div class=\"portfolio-list portfolio-columns-4 portfolio-grid-layout-4  portfolio-with-spaces clearfix\" id=\"portfolio-list\">\r\n\r\n\t\t<div class=\"portfolio-item-block portfolio-item-animation-6 slide-item residentiel tower\" data-item=\"1\" data-name=\"Immeuble Flat Building &#8211; R+16+2SS\">\r\n\t<div class=\"portfolio-item-block-inside\">\r\n\t  <a href=\"https:\/\/romibat.com\/wp-content\/uploads\/2024\/05\/fLAT-bLUIDING-tANGER.jpg\" target=\"_self\" rel=\"lightbox\" title=\"\" data-rel=\"lightbox-image-0\" data-rl_title=\"\" data-rl_caption=\"\">\r\n\t    <div class=\"portfolio-item-image\" data-style=\"background-image: url(https:\/\/romibat.com\/wp-content\/uploads\/2024\/05\/fLAT-bLUIDING-tANGER-1024x1024.jpg);\"><\/div>\r\n\t    <div class=\"portfolio-item-bg\"><\/div>\r\n\t    <div class=\"info\">\r\n\t      <span class=\"sub-title\">R\u00e9sidentiel \/ Tower<\/span>\r\n\t      <h4 class=\"title\">Immeuble Flat Building &#8211; R+16+2SS<\/h4>\r\n\t      \t      <div class=\"project-description\">Tanger, Maroc<\/div>\r\n\t  \t  \t      \t      <div class=\"view-more btn mgt-button\">View more<\/div>\r\n\t  \t  \t    <\/div>\r\n\t  <\/a>\r\n\t<\/div>\r\n\t<\/div>\r\n\t\t<div class=\"portfolio-item-block portfolio-item-animation-6 slide-item residentiel tower\" data-item=\"2\" data-name=\"Immeuble Yakoja &#8211; R+20\">\r\n\t<div class=\"portfolio-item-block-inside\">\r\n\t  <a href=\"https:\/\/romibat.com\/wp-content\/uploads\/2024\/05\/Sd-1-copie-1240x720-1.jpg\" target=\"_self\" rel=\"lightbox\" title=\"\" data-rel=\"lightbox-image-1\" data-rl_title=\"\" data-rl_caption=\"\">\r\n\t    <div class=\"portfolio-item-image\" data-style=\"background-image: url(https:\/\/romibat.com\/wp-content\/uploads\/2024\/05\/Sd-1-copie-1240x720-1-1024x720.jpg);\"><\/div>\r\n\t    <div class=\"portfolio-item-bg\"><\/div>\r\n\t    <div class=\"info\">\r\n\t      <span class=\"sub-title\">R\u00e9sidentiel \/ Tower<\/span>\r\n\t      <h4 class=\"title\">Immeuble Yakoja &#8211; R+20<\/h4>\r\n\t      \t      <div class=\"project-description\">Tanger, Maroc<\/div>\r\n\t  \t  \t      \t      <div class=\"view-more btn mgt-button\">View more<\/div>\r\n\t  \t  \t    <\/div>\r\n\t  <\/a>\r\n\t<\/div>\r\n\t<\/div>\r\n\t\t<div class=\"portfolio-item-block portfolio-item-animation-6 slide-item residentiel tower\" data-item=\"3\" data-name=\"Immeuble JGH &#8211; R+30+4SS\">\r\n\t<div class=\"portfolio-item-block-inside\">\r\n\t  <a href=\"https:\/\/romibat.com\/wp-content\/uploads\/2016\/03\/144856876_3107373082699452_8032184472486495578_n.jpg\" target=\"_self\" rel=\"lightbox\" title=\"\" data-rel=\"lightbox-image-2\" data-rl_title=\"\" data-rl_caption=\"\">\r\n\t    <div class=\"portfolio-item-image\" data-style=\"background-image: url(https:\/\/romibat.com\/wp-content\/uploads\/2016\/03\/144856876_3107373082699452_8032184472486495578_n-768x1024.jpg);\"><\/div>\r\n\t    <div class=\"portfolio-item-bg\"><\/div>\r\n\t    <div class=\"info\">\r\n\t      <span class=\"sub-title\">R\u00e9sidentiel \/ Tower<\/span>\r\n\t      <h4 class=\"title\">Immeuble JGH &#8211; R+30+4SS<\/h4>\r\n\t      \t      <div class=\"project-description\">Tanger, Maroc<\/div>\r\n\t  \t  \t      \t      <div class=\"view-more btn mgt-button\">View more<\/div>\r\n\t  \t  \t    <\/div>\r\n\t  <\/a>\r\n\t<\/div>\r\n\t<\/div>\r\n\t\t         \r\n\t\r\n\t<\/div>\r\n\r\n\r\n<script>(function($){\r\n            $(document).ready(function() {\r\n\r\n                function initPortfolioCarousel() {\r\n\r\n\t\t\t\t\t$(\"#portfolio-list\").owlCarousel({\r\n\t                    items: 3,\r\n\t                    itemsDesktop:   [1199,3],\r\n\t                    itemsDesktopSmall: [979,1],\r\n\t                    itemsTablet: [768,1],\r\n\t                    itemsMobile : [479,1],\r\n\t                    autoPlay: true,\r\n\t                    navigation: true,\r\n\t                    navigationText : false,\r\n\t                    pagination: true,\r\n\t                    afterInit : function(elem){\r\n\t                        $(this).css(\"display\", \"block\");\r\n\t                    }\r\n\t                });\r\n\r\n\t\t\t\t}\r\n\r\n\t\t\t\tsetTimeout(initPortfolioCarousel, 1000);\r\n                \r\n            });})(jQuery);<\/script>[\/vc_column][\/vc_row][vc_row full_width=&#8221;stretch_row&#8221; css=&#8221;.vc_custom_1463480863149{background-color: #1c2126 !important;}&#8221;][vc_column]<div class=\"mgt-cta-block clearfix white-text with-text no-side-paddings wpb_content_element\" data-style=\"background-color: ;\"><div class=\"mgt-button-wrapper mgt-button-wrapper-align-right mgt-button-wrapper-display-newline mgt-button-top-margin-disable\"><a class=\"btn hvr-sweep-to-bottom mgt-button mgt-style-solid mgt-size-normal mgt-align-right mgt-display-newline mgt-text-size-normal mgt-button-icon-position-left mgt-text-transform-uppercase \" href=\"https:\/\/romibat.com\/?page_id=1831\"><i class=\"fa fa-file-text-o\"><\/i>Contactez-nous<\/a><\/div><h5 class=\"mgt-cta-block-header\">Restauration, R\u00e9novation et R\u00e9habilitation des B\u00e2timents<\/h5><div class=\"mgt-cta-block-content\">Faites Appel \u00e0 ROMIBAT MAROC<\/div><\/div>[\/vc_column][\/vc_row]<\/p>\n<\/section>","protected":false},"excerpt":{"rendered":"<p>[vc_row][vc_column][vc_column_text] Nous avons \u00e0 coeur de partager notre savoir-faire et celui de respectueux partenaires au service de vos projets. Nous vous proposons de d\u00e9couvrir une s\u00e9lection de projets Romibat r\u00e9alis\u00e9s:&#8230;<\/p>\n","protected":false},"author":1,"featured_media":0,"parent":0,"menu_order":0,"comment_status":"closed","ping_status":"closed","template":"","meta":{"footnotes":""},"class_list":["post-1054","page","type-page","status-publish","hentry"],"aioseo_notices":[],"_links":{"self":[{"href":"https:\/\/romibat.com\/index.php?rest_route=\/wp\/v2\/pages\/1054","targetHints":{"allow":["GET"]}}],"collection":[{"href":"https:\/\/romibat.com\/index.php?rest_route=\/wp\/v2\/pages"}],"about":[{"href":"https:\/\/romibat.com\/index.php?rest_route=\/wp\/v2\/types\/page"}],"author":[{"embeddable":true,"href":"https:\/\/romibat.com\/index.php?rest_route=\/wp\/v2\/users\/1"}],"replies":[{"embeddable":true,"href":"https:\/\/romibat.com\/index.php?rest_route=%2Fwp%2Fv2%2Fcomments&post=1054"}],"version-history":[{"count":8,"href":"https:\/\/romibat.com\/index.php?rest_route=\/wp\/v2\/pages\/1054\/revisions"}],"predecessor-version":[{"id":4146,"href":"https:\/\/romibat.com\/index.php?rest_route=\/wp\/v2\/pages\/1054\/revisions\/4146"}],"wp:attachment":[{"href":"https:\/\/romibat.com\/index.php?rest_route=%2Fwp%2Fv2%2Fmedia&parent=1054"}],"curies":[{"name":"wp","href":"https:\/\/api.w.org\/{rel}","templated":true}]}}